factors of v?
2, 5, 11
Let p = 3046 - 992. List the prime factors of p.
2, 13, 79
Let l be ((-42)/35)/((-2)/5). Suppose 5*b + b = 0. Suppose -l*z + 7*z - 44 = b. What are the prime factors of z?
11
List the prime factors of 2284*(-3)/12*-1.
571
Let c(u) = u**3 + 4*u**2 - u - 1. Let p be c(3). Let w = 162 - p. What are the prime factors of w?
103
Suppose 0 = 2*k - 4 + 8. Let t(i) = -7*i**3 - 2*i**2 - 2. What are the prime factors of t(k)?
2, 23
Suppose 0 = 695*f - 696*f + 3912. List the prime factors of f.
2, 3, 163
Let u(b) = b**3 - 4*b**2 + b + 8. Let j be u(5). Let o = j + -19. List the prime factors of o.
19
What are the prime factors of (-124)/(-806) + 41/(-13) + 1169?
2, 11, 53
Suppose 0 = 2*k + 6 - 22. Suppose 1114 = k*o - 102. What are the prime factors of o?
2, 19
Let z(c) = 0*c + c**3 + 10*c**3 + 2*c - c. Let v be z(1). Let g = v - 3. What are the prime factors of g?
3
Suppose -3*r - 1467 = 2*o - 5*o, -1974 = -4*o - 5*r. List the prime factors of o.
491
Let y(t) = t + 13. Let w be y(-11). Suppose -w*g - g + 10 = -5*m, 2*g + 5*m - 40 = 0. List the prime factors of g.
2, 5
Let k(z) be the first derivative of z**3/3 - 7*z**2 + 39*z - 44. List the prime factors of k(11).
2, 3
Suppose -25*b - 23520 = -95*b. What are the prime factors of b?
2, 3, 7
Let v = -601 + 968. What are the prime factors of v?
367
Suppose 2936 = o - 912. List the prime factors of o.
2, 13, 37
Let p = -8 - -114. Suppose g = p - 8. What are the prime factors of g?
2, 7
Let k = 3548 + 503. What are the prime factors of k?
4051
Suppose c + 5*m = -0*c + 27, c + 2*m = 15. What are the prime factors of (1 - 0 - c)/(14/(-217))?
3, 31
Let c(j) = j**2 - j - 1. Let d be c(-3). Suppose 137 - d = -2*k. Let z = -42 - k. List the prime factors of z.
3, 7
Let c(x) = -7*x + 63. List the prime factors of c(-20).
7, 29
Let a(w) = w**3 - 6*w**2 - 8*w + 1. Let y be (-12)/2*16/(-12). What are the prime factors of a(y)?
5, 13
Suppose 59*y - 207388 = -64726. List the prime factors of y.
2, 3, 13, 31
Let c be (-3*(-7)/3)/(-1). Let a = c - -7. Suppose a = 3*u - 36 - 18. What are the prime factors of u?
2, 3
Let t = 629 + -465. What are the prime factors of t?
2, 41
Let g(r) be the second derivative of -11*r**3/2 - 19*r**2/2 - 11*r. List the prime factors of g(-6).
179
Suppose 0*h = h - 4. Let b(a) = a**3 - 11*a**2 - 10*a - 22. Let o be b(12). Suppose 0 = -o*q + 4*q + 2, -h*g - 4*q = -76. List the prime factors of g.
2, 5
Let y(m) = 38*m + 21. Let b be 0/(9 + -3) + 5. What are the prime factors of y(b)?
211
Suppose 2*t = -54 + 174. List the prime factors of (1 - -23)/(18/t).
2, 5
Suppose 4*i + 17 - 41 = 0. Let g(d) = 2*d**3 - 8*d**2 + 13*d - 21. List the prime factors of g(i).
3, 67
Let h(d) = d**3 - d**2 - 6*d - 5. Let o be h(-4). Suppose -w - 57 = 2*w. Let n = w - o. List the prime factors of n.
2, 3, 7
Suppose d + 2*v = 1279, -5*d + 4*v + 3717 = -2720. What are the prime factors of d?
5, 257
What are the prime factors of (-14842)/(-123) + (-8)/(-6)?
2, 61
Let c = 45 + -36. Suppose -3*t = -c*t + 288. What are the prime factors of t?
2, 3
Suppose -f = 2*o + 2*f - 22, 2*o = -f + 14. Suppose -m - 22 = -3*s, -2*m = -o*s + 2*s + 59. Let p = 59 + m. List the prime factors of p.
2, 11
Let w(f) be the third derivative of f**5/20 - f**4 + f**3/3 - 2*f**2. What are the prime factors of w(10)?
2, 31
Let a = 72 + -39. Suppose -4*r - 7 - a = 0. What are the prime factors of -2 - (r + 1 + 1)?
2, 3
List the prime factors of (9 + (-14 - -4))*-3771.
3, 419
Let k(y) = y**3 + 26*y**2 + 20*y + 23. List the prime factors of k(-25).
2, 37
Let j be -1*3/((-6)/(-8)). Let w = -28 - j. Let f = -2 - w. List the prime factors of f.
2, 11
Suppose -h - 5*b = -414, 867 + 321 = 3*h - 3*b. What are the prime factors of h?
3, 7, 19
Suppose -2*z = -4*z - 4, 5*a - 2632 = z. What are the prime factors of a?
2, 263
Let j(m) = -m - 9. Let c be j(4). Let k = 28 + c. What are the prime factors of k - (4 + -8) - 0?
19
Suppose 8 = 2*n - 2*z, -n = 3*n - 5*z - 15. Suppose 5*x - 20 = n. Suppose -y = -x - 18. List the prime factors of y.
23
Let d(o) = -o**2 + 3*o + 4. Let f be d(3). Suppose -4*x + f = -8. What are the prime factors of (-44)/(-3) - x/(-9)?
3, 5
Let a(s) = 7*s**2 + 6*s + 1. What are the prime factors of a(-3)?
2, 23
Suppose 3036 = 8*n + 556. List the prime factors of n.
2, 5, 31
Let k be (2 - 12/8)*76. Suppose 0 = -2*h - 5*c + k, c + 6 = h - 3*c. Suppose 0 = g - 0*g - h. What are the prime factors of g?
2, 7
Suppose -3 = 2*m - 7. Let b = 59 - m. Suppose -4*j = 5 - b. List the prime factors of j.
13
Suppose -u = -2*u - 15. Let k = u - -23. Suppose 6*i - k*i = -80. What are the prime factors of i?
2, 5
List the prime factors of ((-29)/1)/(19/(-19)).
29
Let t be (-43)/(-2) - (-1)/2. Let l(o) = 2*o**2 + 5*o - 28. Let b be l(3). Suppose -t = -b*p + 98. List the prime factors of p.
2, 3
Suppose 10 = -5*n, d + 5*n - 56 = -5. Suppose -12*i - 1 = -d. List the prime factors of i.
5
Let w be 26 + -1 - 10/5. Suppose 0 = 5*c - 3*j - 27, -w = 2*c - 3*c + 5*j. Suppose -l = -k - 48, l + c*l = -k + 172. List the prime factors of l.
2, 11
Suppose x + 1 = 4*o + 12, -5*o = 5*x - 5. Suppose 3*r - 3*c = 99, -x*c + 0*c - 15 = 0. List the prime factors of r.
2, 7
Suppose 3*z - 51 - 177 = 0. Let k = 6 + z. List the prime factors of k.
2, 41
Suppose -3*q + 4*q - 719 = 3*z, -2*q + 5*z = -1433. What are the prime factors of q?
2, 11
Suppose 13*l + 30 = 18*l. Suppose 0 = -5*j - 4*b + 783, -5*b = -2*j - 0*b + 300. Suppose 0 = -l*m + m + j. List the prime factors of m.
31
Let f = 0 - 0. Let h = f + 33. Suppose -p + 0*p + h = 0. What are the prime factors of p?
3, 11
Let j(n) = 10*n**3 - 7*n**2 + 5*n - 2. Let i be j(3). Let h = -118 + i. What are the prime factors of h?
2, 3, 17
Let x = 68 - 74. List the prime factors of 167 - (1 + 24/x).
2, 5, 17
Suppose h - 33 = 5*l - 410, 3*h + 381 = 5*l. List the prime factors of l.
3, 5
Suppose f - 2 = 1. Let p = f - -1. Suppose -124 + p = -4*w. List the prime factors of w.
2, 3, 5
Suppose -4*m + 285 = -1111. Let b = -1899 + m. What are the prime factors of b/(-65) + 4/26?
2, 3
List the prime factors of ((-26491)/59)/((-2)/8).
2, 449
Let a(v) = v**2 + 17*v - 13. List the prime factors of a(-25).
11, 17
Suppose -3*n + z = -52, 2*n - 2*z - 85 = -3*n. Suppose n*m = 24*m - 830. What are the prime factors of m?
2, 83
Suppose 0 = -2*n - 18 + 4. Let i(m) = m**3 + 6*m**2 - 8*m + 6. What are the prime factors of i(n)?
13
Let g = -5 - -33. Let s = 0 + g. List the prime factors of s.
2, 7
What are the prime factors of 5916 - 25/(200/(-32))?
2, 5, 37
Let d = 30 - 31. Let h = 90 + d. What are the prime factors of h?
89
Let y = -117 + 168. Let d = 3 + y. List the prime factors of d.
2, 3
Let q(x) = -2 + 2*x + 2 + 2*x**2 - 2. Let k be q(-2). Suppose -3*n + 6*n + 2*j - 80 = 0, k*n + 3*j = 45. List the prime factors of n.
2, 3, 5
Suppose 18*s = 9173 - 2387. List the prime factors of s.
13, 29
Let x(g) = -29*g - 6. Let a(y) = -y + 1. Let r(t) = -3*a(t) + x(t). List the prime factors of r(-3).
3, 23
Let l be 2/6 - (-1)/(12/(-4)). Let a(s) = -s**2 - 8*s - 5. Let v be a(-7). Suppose -7*z + v*z + 25 = l. List the prime factors of z.
5
Let s(v) = -v**2 + v**2 + 33*v**2. Let m be s(-1). Let o = m - 23. What are the prime factors of o?
2, 5
Let t(j) = 300*j**2 - 4*j + 3. What are the prime factors of t(2)?
5, 239
Suppose 0 = 5*h - 2*q - 48, h - q = -0*q + 9. Suppose -7*i + h = -5*i. List the prime factors of i.
5
Let l(m) = m + 3. Let i be l(2). Suppose 0 = -4*d + u - 4*u + 221, 3*u = i*d - 283. What are the prime factors of d?
2, 7
Let m(j) = 6*j + 4. Suppose -5*d + 26 = -0*b + b, 3*d - 2*b = 13. Let p be m(d). Suppose 0*q = -q - 4*z + p, -q + 9 = -z. List the prime factors of q.
2, 7
Let r(c) = -c - 6. Let t be r(-7). Let x be (117/(-18))/(t/4). Let n = -6 - x. List the prime factors of n.
2, 5
Suppose 0 = -0*d - d + 3*i + 1869, d - i - 1859 = 0. List the prime factors of d.
2, 3, 103
Suppose 2*v - 10 + 2 = 0. Suppose v*r + 765 = 5*m, 6*r = -3*m + 4*r + 459. List the prime factors of m.
3, 17
Suppose 191 - 38 = q. Suppose 5*o + 1 - 16 = 0. Suppose o*x - q + 27 = 0. What are the prime factors of x?
2, 3, 7
Let z be (-1)/(2*2/(-16)). List the prime factors of 50*2/8*z.
2, 5
Let h(m) = -35*m + 96. What are the prime factors of h(-9)?
3,